t t = -17 + 11. Let s(d) = d**3 + 8*d**2 + 5*d - 8. Let w be s(t). What is the highest common divisor of i and w?
17
Let d(t) = -t. Let j(b) = -2*b**2 - b - 3. Let z(u) = -d(u) - j(u). Let p be z(-3). What is the highest common divisor of 3 and p?
3
Suppose -2*t = -4*t + 30. What is the greatest common factor of t and 135?
15
Let i be -15*5/(100/(-12)). Suppose -4*w + 4 + 48 = 0. Let l = w - i. Calculate the highest common divisor of l and 12.
4
Let r be 36 - -6*(-6)/(-9). Calculate the greatest common divisor of r and 20.
20
Let p = 47 + 9. Calculate the greatest common divisor of 7 and p.
7
Suppose -12 = -6*i + 3*i. Suppose -5*n = -25, -8*n + i*n = c - 24. Calculate the highest common factor of c and 12.
4
Let f(c) = c**3 - 6*c**2 + c + 12. Let s be f(6). Calculate the highest common factor of 126 and s.
18
Suppose 5*v = v - 20. Let b = v + 19. What is the greatest common divisor of b and 112?
14
Let d be (-5)/10 - (-87)/6. Let b(f) = -11*f - 2. Let v be b(-5). Suppose v = 3*y + d. Calculate the greatest common factor of 13 and y.
13
Suppose 0 = 4*j - 286 - 106. Suppose -q - 2*q + 5*g + 37 = 0, 59 = 4*q + 3*g. What is the highest common divisor of j and q?
14
Let o be (64/20)/(2/30). Calculate the greatest common factor of 6 and o.
6
Let c(u) = u**2 - 4. Let l be c(-3). Suppose l*h - 23 - 52 = 0. Calculate the highest common factor of h and 45.
15
Let p = -7 + -5. Let c be (-66)/4*p/9. Calculate the highest common factor of 198 and c.
22
Let j(k) = 3*k**2 - 13*k - 2. Let s be j(9). Suppose 3*h + 44 = 4*h - 3*t, -s = -4*h - t. Calculate the highest common divisor of h and 80.
16
Let w = 36 - 24. Let v be -2*(50*-1 - 4). What is the highest common divisor of w and v?
12
Let m = 6 - 3. Suppose 5*t = 102 + 33. What is the greatest common divisor of m and t?
3
Let n be 211/11 + (-10)/55. What is the greatest common divisor of 95 and n?
19
Suppose -3*r + 12 = -0*r. Suppose 2*i = 3*u - 6*u + 8, 5*u + 2*i = 16. What is the greatest common factor of r and u?
4
Let l(h) = h**2 - 3*h - 8. Let f be l(5). Let i(z) = z**2 - z + 4. Let b be i(3). What is the greatest common factor of f and b?
2
Suppose 4*j - 36 - 7 = -5*k, 2*j + 5*k - 29 = 0. What is the greatest common factor of j and 7?
7
Let s(k) = 4*k**2 - 3*k. Let f be s(2). Let c be 1 + 0 + f/5. Suppose 0*z - 8 = -c*z - 2*a, 25 = 5*z + a. What is the highest common factor of 48 and z?
6
Suppose -3*c + 4*m = -2*c - 23, -46 = -2*c + m. Let k = c - 11. Suppose 0*p = p - 48. Calculate the highest common factor of k and p.
12
Let w be (6/9)/((-4)/(-66)). Let l(o) = -o + 25. Let a be l(w). Calculate the highest common divisor of 28 and a.
14
Let x be (0 - (-4)/(-4))/(4/(-360)). Calculate the greatest common divisor of x and 10.
10
Let z(s) = 5*s. Let b be z(1). Let v(l) = l**3 + 7*l**2 - 9*l + 5. Let f be v(-7). Suppose 8 - f = -b*m. What is the greatest common divisor of 132 and m?
12
Suppose 0 = 5*x + m - 53, 0*m + 6 = 2*m. Let a be 36/x + (-10)/(-25). Calculate the greatest common divisor of 32 and a.
4
Let o(d) = -19*d - 1. Let f be 1/2 - (-5)/(-10). Let y(v) = v**2 + v - 1. Let t be y(f). Let q be o(t). What is the highest common factor of 18 and q?
18
Suppose -56 = -2*u - 0*u. What is the highest common divisor of u and 42?
14
Suppose -14*g + 104 = -6*g. What is the greatest common divisor of 117 and g?
13
Let p = 142 + -101. Calculate the highest common divisor of p and 82.
41
Let m(h) = h + 9. Let v = 0 + 0. Let n be m(v). Let q = -1 + n. What is the highest common factor of q and 20?
4
Let z be 371/77 + (-2)/(-11). What is the greatest common divisor of z and 20?
5
Let s = -12 - -11. Let c = 14 - s. What is the highest common divisor of c and 10?
5
Let s be 2/3*(-9)/(-2). Suppose -2*k + s*d = -14, -3*k + 4*d = -7*k + 48. Suppose 2*m + 2 - k = 0. What is the greatest common factor of 28 and m?
4
Suppose 0 = -7*q + 34 + 106. Calculate the greatest common factor of q and 60.
20
Let i be 102*(-2)/(-6 + 2). Suppose -2*x = -15 - 119. Let v = x + -33. Calculate the greatest common factor of i and v.
17
Let y be (-115)/23*(-1 + 0 + 0). Suppose -23 = t + 5*n, -2*n + 0*n = 2*t + 6. What is the highest common divisor of t and y?
1
Let o be ((-160)/6)/((-3)/9). Let v(g) = -9*g + g**2 + 2*g - 2*g**2. Let z be v(-5). Calculate the greatest common factor of o and z.
10
Let s = 58 + -28. Calculate the highest common factor of s and 12.
6
Suppose -4*t + 2*t + 84 = 0. Suppose -3*c - 2*v = -35 + 11, 0 = -5*c - 4*v + t. What is the highest common factor of c and 18?
6
Suppose -5*h = 2*q - 24, 19 = 5*q + h + 5. Let t = -5 + 12. Suppose k + 4 = 0, 79 - t = 5*y + 2*k. Calculate the highest common divisor of y and q.
2
Let v = -6 - -6. Suppose v = -d - 2*s - 2, -37 = -4*d + 3*s - 2*s. What is the highest common factor of 88 and d?
8
Suppose 3*v - 2*v + 4 = 0, 76 = 2*o - 4*v. Let k(a) = a**2 + 7*a + 10. Let u be k(-7). Calculate the highest common divisor of o and u.
10
Suppose 3*x - u - 74 = 0, 0 = -4*x + 6*u - 3*u + 107. Calculate the greatest common divisor of 184 and x.
23
Suppose 2*h = 6*h - 76. What is the greatest common divisor of 76 and h?
19
Suppose 5*l + 4 - 34 = 0. Let s(j) = j + 9. Let i be s(l). Calculate the highest common divisor of i and 15.
15
Suppose -5*x + 55 = 2*l, 3*l - 50 = -x + 26. Suppose -47 = -3*t + l. Let c be -1*2 - (-8)/1. What is the greatest common divisor of t and c?
6
Suppose 6*r - 21 = 5*r. Calculate the greatest common factor of r and 3.
3
Suppose -4*g = -4, -4*m + 53 = -g - 138. Let k be 2/(-8) - (-481)/4. What is the greatest common factor of m and k?
24
Suppose -3*z + 718 = 2*z - l, -4 = -2*l. Calculate the greatest common divisor of 18 and z.
18
Let i be 1/7 + (-5138)/(-49). Suppose -1 = 5*q + b - 211, 3*q - 3*b = 126. What is the highest common divisor of q and i?
21
Let c be (-246)/(-8) - 3/4. Let r(j) = j**3 - 8*j**2 - 9*j + 12. Let s be r(9). Calculate the highest common divisor of s and c.
6
Suppose -185 = -z + 55. Suppose -f + 3*f = z. What is the highest common factor of 48 and f?
24
Let p be (-320)/(-24) + (-4)/(-6). Calculate the highest common divisor of 35 and p.
7
Let i(w) = 3*w + 26. Let g be i(-8). What is the greatest common divisor of 3 and g?
1
Let b be (-14)/70 + 72/10. Calculate the greatest common factor of b and 28.
7
Let r be 9 - (-1 - 3/3). Let w(z) = z**3 - z**2 - z + 238. Let c be w(0). Let g = -161 + c. Calculate the highest common divisor of r and g.
11
Let l = -16 + 9. Let o = 17 + l. Let a(f) = f**2 - 3*f - 2. Let j be a(4). Calculate the greatest common divisor of o and j.
2
Let f be (1*-9 - 0)*(-23 - -22). Calculate the highest common divisor of 45 and f.
9
Suppose 0 = 4*t + 22 - 82. Let i be ((-168)/(-10))/(3/t). Suppose 24 = 3*y - i. Calculate the highest common factor of y and 24.
12
Let b = 1 + 13. Let y be (-5)/2*8/(-10). Suppose 6*h = y*h + 8. Calculate the greatest common factor of h and b.
2
Let z = -19 - -102. Suppose -t = -3*t + m + 159, 0 = -t - 3*m + z. Let s = 19 - 3. Calculate the greatest common divisor of t and s.
16
Let v(a) = -a + 3. Let s be v(0). Let q be s/(-2*(-2)/(-24)). Let u be (-284)/q + (-2)/(-9). What is the greatest common divisor of 40 and u?
8
Suppose 0 = 3*l + 5*t - 47, l - t = -2*t + 13. Calculate the highest common factor of 72 and l.
9
Let u(h) = -30*h + 1. Let m be u(-1). Let p = 43 - m. Calculate the highest common factor of 132 and p.
12
Let q = -1 + 5. Suppose 0 = t + t + q. Let v be ((-3)/t)/(1/10). What is the highest common factor of v and 60?
15
Let g be (-13)/(-3 + 2)*-3. Let d = -21 - g. Calculate the highest common divisor of 72 and d.
18
Suppose 5*m - 2*m - 396 = 0. What is the highest common divisor of m and 12?
12
Suppose -82 = -4*h - n, h + 3*n + 7 = 22. Let j(a) = a**2 + 2*a + 4. Let s = -4 - -12. Let c be j(s). Calculate the highest common factor of h and c.
21
Let b = 11 + -5. Suppose -29 = -2*v + 3*o - 6*o, 5*o = 4*v - 3. Suppose -1 = i - v. What is the greatest common factor of b and i?
6
Let v be 3/(-4) - (-33)/12. Let y be (0 - 6)*6/4. Let j(s) = -s - 1. Let x be j(y). Calculate the highest common factor of x and v.
2
Suppose 6 = 4*v - 6. Let n be 2/3*9/2. Suppose n*a = 5*z - 2*a - 5, -v*z + 28 = 2*a. What is the greatest common divisor of 12 and z?
6
Let h(d) = -d + 3. Let j be h(-8). Calcu